ate b(v).
-2
Let l(r) be the first derivative of -r**4/2 + r**3/3 + r**2/2 + r - 1. Suppose -4*p = -4*b + 28, 5*b = 14*p - 12*p + 11. Give l(b).
3
Let s(o) = -18 - 30 - 34 - 35 + 102 - o. What is s(-5)?
-10
Let x(c) = 35*c - 199. Let u(m) = 18*m - 101. Let o(a) = -7*u(a) + 3*x(a). What is o(5)?
5
Let b(g) = 6*g**3 - g**2. Let k(m) be the second derivative of -7/2*m**2 + 1/20*m**5 + 1/12*m**4 - m**3 - 24*m + 0. Let s be k(-2). What is b(s)?
5
Suppose -8*r = 10 - 18 - 16. Let t(d) = d**2 + d - 13. Determine t(r).
-1
Let a(w) be the third derivative of 0*w - 1/60*w**5 - 4/3*w**3 + 0 - 1/4*w**4 - 3*w**2. Let d(v) = -v**2 - 18*v + 34. Let j be d(-20). Give a(j).
-8
Let d(a) be the third derivative of a**4/8 - a**3/6 - 2*a**2. Let g be -1*(0 + (4 - -1)) + 8. Determine d(g).
8
Let p(r) = 3*r**2 + 2*r - 1. Let n be p(1). Let s(g) be the first derivative of -2*g**3/3 + 2*g**2 + 3*g - 27714. What is s(n)?
-13
Let h(c) = c**2 + 1691*c + 26. Let p(a) = a**2 + 923*a + 13. Let d(g) = 6*h(g) - 11*p(g). Determine d(4).
-95
Let z(q) = -q**2 + 8*q + 3. Let g = -15 + -18. Let d = g - -30. Let l be -3*5/d*(-1)/(-1). Give z(l).
18
Let i(u) = 2*u**2 + u + 1. Let m be i(-1). Let b(k) = k**m + k**2 + 7*k + k**2 - 5*k**2 - 4. Suppose -149*g - 184*g = -18*g - 1260. What is b(g)?
-8
Let q(f) = f**3 + f**2 + 1. Let p(a) = -8*a - 10*a + 16*a + 2. Let w be p(1). Calculate q(w).
1
Let i(p) = 3 - 7*p**2 + 2 - 326*p - 328*p + p**3 + 644*p + 15. What is i(8)?
4
Let p(h) = 2*h**2 - h + 1. Let i(w) = w**2 + 11*w + 11. Let n be (30/(-8))/(-6 - 51/(-8)). Let q be i(n). What is p(q)?
2
Let w(z) = 4*z**3 - 2*z**2 + 9*z + 5. Let a(k) = k**3 + 2*k + 1. Let j(i) = 9*a(i) - 2*w(i). Suppose 3*n = 4*b + 7, 0 = -2*n + 32*b - 33*b - 10. Calculate j(n).
8
Let h(w) = w**3 - 7*w**2 - 4*w + 82. Let p be h(4). Let i(x) = x**3 - 17*x**2 - 19*x + 13. Determine i(p).
-5
Let u(d) = 317*d - 548*d**2 + 550*d**2 - 319*d + 6*d**3 + 1. Calculate u(1).
7
Let x(h) = -h**2 + 16*h + 65. Let r be 13 - ((-120)/(-15) - 13). Calculate x(r).
29
Let q be 2/4*(11 - 1). Let j be (-5)/(((-15)/(-8))/(93/(-124))). Let c(i) = 70*i - 69*i - j - q. Calculate c(0).
-7
Suppose 5*b + p = 92, 5*b - 10*b = 2*p - 94. Let w be ((-1)/(-2))/(b/(-72)). Let z(q) = 5 - 3 - 4*q + 2*q + 3*q. What is z(w)?
0
Let z(l) = -4*l - 2*l + 4*l**2 - 28 + 32 - 3*l**2. Suppose 7*q + 3 + 39 = 0. Let u = q - -11. What is z(u)?
-1
Let c(a) = a**3 - 6*a**2 + 3*a + 3. Let z be (-1 + 132/8)*(-3 - -1). Let v = z - -21. Let f be (2/(-3))/(v/75). Determine c(f).
-7
Suppose 0 = -a - 1, 5*w + a - 7 = -83. Let l be w/40 + (-27)/(-8). Let v(m) = m**2 - 4. What is v(l)?
5
Let p(k) = k - 15. Suppose 4*z = -2*r - 40, 17*r - 13 = z + 16*r. What is p(z)?
-26
Let z(k) be the third derivative of -k**7/42 - k**6/360 - k**5/120 + k**4/24 - 65*k**3/3 + 60*k**2. Let m(b) be the first derivative of z(b). Calculate m(1).
-21
Let x(q) be the first derivative of -15*q**2/2 + 3*q + 2033. Calculate x(3).
-42
Let g(r) be the second derivative of -r**5/30 - 5*r**4/12 + r**3 - 22*r**2 - 201*r. Let n(j) be the first derivative of g(j). What is n(-6)?
-6
Let t = 57 - 57. Let l be 2/(-2 + t)*(-27)/1. Let n(p) = 2*p**3 + 6*p**2 + 27 - l - 7*p - 3*p**3. Determine n(5).
-10
Let k be (15/1)/(4/(-10) - -1). Let p = -27 + k. Let x(m) = -m**2 + 0*m**2 - 3*m + 2*m**2 - 3. Calculate x(p).
7
Let n(j) = 139. Let i(f) = 2*f + 298. Let q(t) = 3*i(t) - 7*n(t). Calculate q(13).
-1
Let h(l) = l**2 + 24. Suppose 0 = -5*g - 15, 5*k + g = 5*g + 87. Suppose 0 = -2*n + 3*y + 15, 4*n + 3*y + k = n. Calculate h(n).
24
Let c(k) = k**2 - 1. Suppose -22*u = 21*u + 86. Give c(u).
3
Let s = 1120 + -1117. Let p(g) = g**3 - g**2 - 6*g + 1. Calculate p(s).
1
Let d be (-56)/6*(2/4 + -2). Suppose p - 4*f + d = 0, 2*p - 4*f + 12 = -0*p. Let k(h) = 0 - 3 - p*h + 3. Determine k(-3).
6
Let q(p) = -250*p + 264. Let l be q(1). Let w(b) = b**2 - 12*b + 1. What is w(l)?
29
Let f(o) = -3*o - 3. Let n(d) be the second derivative of d**3/6 + d**2/2 - d - 5. Let t(m) = -6*f(m) - 17*n(m). Let a = 13 + -8. Determine t(a).
6
Let o(g) = g**3 - 2*g**2 + 2*g - 15. Suppose -675 = -152*x - 675. Calculate o(x).
-15
Let i(l) = 7*l**2 - l + 4*l + 5137*l**3 + 3*l - 5136*l**3 + 4. Suppose -d - 15 = -5*y, -18 = -5*y + 4*d + 12. Let q be (y - 2)/(-3) + -6. Give i(q).
4
Let h(v) = -5*v**3 - 10*v**2 - 10*v - 4. Let z(r) = 17*r**3 + 31*r**2 + 31*r + 13. Suppose 91 = 51*u - 64*u. Let g(p) = u*h(p) - 2*z(p). Calculate g(-7).
-5
Let y(q) = -q + 22. Suppose 50*f + 3 = 2*k + 51*f, -k + 12 = 4*f. Calculate y(k).
22
Let q(p) be the second derivative of 7/6*p**3 + 7/12*p**4 - 1/20*p**5 - 125*p + 4*p**2 + 0. Determine q(8).
0
Let p be ((-19)/(912/(-60)))/((21/12)/7). Let y(l) = 7*l - 55. Calculate y(p).
-20
Let l(i) = -29*i + 13. Let b(g) = -13*g - 2. Let t(v) = 3*b(v) - l(v). Calculate t(-6).
41
Let f be -19*(36/12 + -2). Let a(q) = 5*q + 106. What is a(f)?
11
Let c(s) = 19*s**2 - 409*s + 208. Let q be c(21). Let y(w) = -w + 1. Let i(b) = 4*b - 4. Let h(x) = -i(x) - 2*y(x). Give h(q).
6
Suppose 3*r - 411 = -0*r. Suppose -5*a - 3*h = -r, a - h - 17 = 12. Suppose 6*x = 2*x + a. Let w(c) = -4*c + 8. What is w(x)?
-20
Let k(p) = 9*p**3 + 2*p - 27. Let z(n) = -10*n**3 - 4*n + 35. Let h(b) = 4*k(b) + 3*z(b). Determine h(-1).
-5
Let m(c) = -c + 1. Let o(l) = -9*l**2 - 5*l + 4. Suppose 4*q - 20 = -2*b - 0*q, -3*b - 2*q = -18. Let a(r) = b*m(r) - o(r). Determine a(1).
10
Let a(g) = g**2 - 14*g - 92. Let q be a(17). Let n be 8 - 10 - (35 + 2). Let y = q - n. Let p(i) = -i**3 - 2*i**2 + 2*i + 2. Give p(y).
-2
Let v be (-25)/10*((-96)/(-20))/(-6) + 2. Let c(p) = 9*p - 10. What is c(v)?
26
Let c(s) = 7*s**3 + 14*s**2 - 16*s + 22. Let q(o) = 11*o**3 + 21*o**2 - 26*o + 32. Let j(f) = 8*c(f) - 5*q(f). Let l be (-1)/((-4)/14)*-2. Determine j(l).
2
Let b(t) = -14*t**2 - t + 1. Suppose 0 = -2*w + 4*w - 6. Suppose -w*j + 14 = 5. Suppose 0 = -9*h + 6*h + j. Determine b(h).
-14
Let a(o) = -9 - 14 - 2*o + 4 - 18. Let d(g) = -g - 17. Let b(h) = 6*a(h) - 13*d(h). What is b(-2)?
-3
Suppose q - 1 = -6. Let i(k) = -k - 31. Let p(t) = -t**2 - 3*t + 64. Let y(c) = -2*i(c) - p(c). Calculate y(q).
-2
Let f(x) = -11*x**2 - 11*x - 482. Let j(y) = 2*y**2 + 8*y + 1. Let b(c) = -f(c) - 6*j(c). Calculate b(10).
6
Let i(v) = -v**2 + 6*v - 1. Suppose f + 3*t + 1 = -6, f = t + 5. Let m(h) = 15*h + 4*h**2 + 23 + 12*h**2 - 16*h - h**3 + h**f. Let k be m(17). Give i(k).
-1
Suppose 2*v - v = 0. Let j be (4 + v)*(-20)/(-16). Let m(u) be the second derivative of -u**3/6 + 11*u**2/2 + 41*u. Calculate m(j).
6
Let l be (36/32 + -1)*218/327. Let z(v) be the second derivative of -2*v + l*v**4 - 1/6*v**3 + 7*v**2 + 0. Determine z(0).
14
Let f = 5047 + -5059. Let w(c) = -c**2 - 17*c - 66. Calculate w(f).
-6
Let n(v) = 21 - 2*v + 22*v - 15*v. Let z(g) = 7*g + 23. Let d(r) = -3*n(r) + 2*z(r). Determine d(-13).
-4
Suppose 360 = 51*g - 36*g. Let a(o) = g*o + o**2 + 11 + 22*o - 76*o + 29*o. Calculate a(0).
11
Let v(j) be the second derivative of -j**7/2520 + j**6/240 - j**5/40 - 35*j**4/12 + 62*j. Let t(w) be the third derivative of v(w). Calculate t(2).
-1
Suppose 6*m = 6*m + m. Suppose m = -61*a + 59*a + 2. Let s(i) = 25*i**2 - 2*i + 1. Calculate s(a).
24
Let r(x) = 4*x**3 + 30*x**2 - 7*x + 9. Let a(i) = i**3 + i**2 + 7*i + 2. Let f(t) = -3*a(t) + r(t). Give f(-28).
3
Let m(v) = -v**3 + v**2 + 9*v - 4. Let j(s) = 2*s**3 + 53*s**2 + 78*s + 78. Let d be j(-25). Calculate m(d).
5
Let a(t) = 9*t**2 - 11*t + 433 - 449 - 6*t - 11*t**2 - 4*t. Give a(-10).
-6
Let j(x) = 5*x**2 + 42*x + 13. Let b be j(-8). Let c(y) be the third derivative of 18*y**2 - 1/6*y**3 - 1/24*y**4 + 0*y + 0. Calculate c(b).
2
Let c be (-48)/14*(-70)/15. Let j be 9/12 + 116/c. Let l(a) = 1 - 4*a - a - j + 4*a. Calculate l(-6).
-1
Let s(p) be the third derivative of -p**6/60 + p**5/30 - p**4/12 - 2*p**3/3 + 3814*p**2. Determine s(0).
-4
Let g(n) = -33*n**2 - 23*n - 32. Let i(w) = 17*w**2 + 10*w + 15. Let r(f) = -4*g(f) - 9*i(f). Determine r(2).
-87
Let a be 9/9*(2 - -5). Suppose -4*d = -a - 5. Let r(g) = -8*g**2 - g**d - 2*g**2 + 14*g**2 - 3*g. Determine r(2).
2
Let p be (-90)/(-36)*24/10. Let u = p + 3. Let f(s) = -2*s - 1. Calculate f(u).
-19
Let u(d) = 5*d + 4. Let x(k) = 2*k**2 + 11*k. Let c be x(-12). Suppose 0 = -c*q + 150*q - 42. Wh